(q) = -2*q**3 + 9*q**2 - 3*q + 3. List the prime factors of k(4).
7
Let n(u) = 0 - 4 + 2*u + 8. List the prime factors of n(4).
2, 3
Let f(g) = -8*g + 8. Let k(h) = -8*h + 7. Let p(x) = -6*f(x) + 5*k(x). List the prime factors of p(5).
3
Let c = 19 - 14. Suppose -2*b = c*u - 0 + 7, -12 = 4*u. List the prime factors of b.
2
Let v = 26 - 41. Let c = v - -25. What are the prime factors of c?
2, 5
Suppose k = -0*k. Suppose 0 = -k*z - 5*z + 40. List the prime factors of z.
2
Suppose 3*m = m + 6. Suppose -m*q + 0 + 3 = 2*i, 0 = -4*i + 5*q - 5. Suppose i*g + 40 = 4*g. List the prime factors of g.
2, 5
Let b be ((-14)/(-4))/((-1)/(-2)). Suppose -4*p - 36 = -b*p. What are the prime factors of p?
2, 3
Let b(m) = 8*m**2 - m - 1. Let h be b(-1). Suppose 0 = -4*l + 8 + h. Suppose 2*g + 5*q - 34 = 0, 0 = 2*q - 0 - l. List the prime factors of g.
2, 3
Suppose 10*q + 72 = 13*q. What are the prime factors of q?
2, 3
Let b = -4 + 5. Suppose -b - 5 = -3*h. Suppose 24 - 6 = h*z. List the prime factors of z.
3
Let y = 40 + -18. Suppose 4*p - y = 3*p - 4*a, 3*p + 9 = 3*a. Suppose 0 = p*g - 4*g + 12. List the prime factors of g.
2, 3
Let v = 24 + 97. List the prime factors of v.
11
Let j be 5/(-1) - 6/3. Let a(n) = n**3 + 8*n**2 + 7*n - 6. Let u be a(j). Let g(r) = -r**2 - 8*r - 4. What are the prime factors of g(u)?
2
Let b(i) = -i + 2. Let s be b(-2). Suppose -n = -s*l - 15, 4*l - 31 = 2*n - 3*n. What are the prime factors of n?
23
Let d(s) = 8*s**2 + 2*s + 2. What are the prime factors of d(-3)?
2, 17
Suppose -14*n = -12*n - 96. List the prime factors of n.
2, 3
Let v(t) = -52*t**3 + t - 2. Let j be v(-2). Suppose -4*q - j = -2*q. List the prime factors of (-2)/(-7) + q/(-14).
3, 5
Let t(l) = -l**3 - 2*l**2 + 2*l + 20. List the prime factors of t(-6).
2, 19
Let b = 414 - 97. Suppose -4*p + 16 = 0, -5*f + b = -3*p + 44. What are the prime factors of f?
3, 19
Let h = 14 + -9. Suppose -2*q = 3*q. Suppose q = 3*j - h - 4. What are the prime factors of j?
3
Suppose 4*n - 335 = -3*a, 271 = 4*n + 5*a - 66. List the prime factors of n.
83
Let h = 2 + 1. List the prime factors of h.
3
Let f = 577 + -394. What are the prime factors of f?
3, 61
Let a(s) = -s**3 + 7*s**2 - 4*s - 3. List the prime factors of a(6).
3
Suppose -850 = -4*d + 5*p, -6 - 4 = 5*p. List the prime factors of d.
2, 3, 5, 7
Let n = 28 + -20. What are the prime factors of 1/(1 - -1)*n?
2
Suppose -3*o = -4 + 1. Suppose -o = x - 6. Suppose 0*g + 2*s = -g + 5, -x*g - 4*s = -55. What are the prime factors of g?
3, 5
Let z(w) = 2*w + 22. List the prime factors of z(0).
2, 11
Let q = -2 - -6. Suppose -q*z - 16 = 5*b + 4, -4*z + 20 = 0. Let r(k) = k**3 + 8*k**2 - 2*k. What are the prime factors of r(b)?
2
Let c = -225 + 335. List the prime factors of c.
2, 5, 11
Suppose 0 = -0*a - 2*a - h + 1, 0 = 3*a - 3*h + 21. Suppose 4*v = 3*n - 17, 2*n - 3*v - 18 = 5*n. What are the prime factors of -2*n/a*-12?
2, 3
Let a(c) = -3*c**3 - 2*c**2 + c - 6. What are the prime factors of a(-4)?
2, 3, 5
Let n = 642 + -433. What are the prime factors of n?
11, 19
Suppose 5*a - 12 - 8 = 0. List the prime factors of a.
2
Let w = 8 - -6. What are the prime factors of w?
2, 7
Suppose 5*x = -2*t + 14, 3*x - 3*t = 6*x - 3. What are the prime factors of x?
2
Let r = 92 - 41. What are the prime factors of r?
3, 17
Suppose 0*q - 2*a = q - 3, -5*q + 3*a = 24. Let x = q - -3. Suppose 2*b + 3*h = 5 + 1, x = -4*h. What are the prime factors of b?
3
Let z(a) = -16*a - 21*a - 17*a - 6. Let g be z(-4). List the prime factors of ((-2)/(-5))/(7/g).
2, 3
Suppose -4*k - 20 = 5*j - 6*k, j + 31 = -5*k. Let w(a) = -2*a**2 - 6*a - 4. Let r be w(j). Let c = -23 - r. What are the prime factors of c?
17
Let n(j) be the third derivative of j**7/2520 - j**6/80 - j**5/30 - j**2. Let x(v) be the third derivative of n(v). List the prime factors of x(6).
3
Let h(y) be the second derivative of -5*y**3 - y**2 + 8*y. What are the prime factors of h(-2)?
2, 29
Let m = 1 + 3. Suppose 0*h - 5*h + 51 = -m*t, -h + 16 = 5*t. What are the prime factors of h?
11
Let k = -363 + 567. Suppose 2*l + 2*l = -4*c + 192, 4*l - 2*c - k = 0. Suppose -3*p - 3*i + 48 = 0, 0*i + l = 5*p - i. List the prime factors of p.
11
Suppose -5*g + 4*n = -165, -n - n = -3*g + 97. What are the prime factors of g?
29
Let r(o) = -o**2 + o + 2. Let c be r(2). Let s be (-9 + c)*(-8)/12. Let j = 14 - s. What are the prime factors of j?
2
Let b(t) = t**3 + 9*t**2 + 6*t - 11. Let y be b(-8). Suppose 0 = q - 5*o + y, 0 = -q + 2*o + o + 3. List the prime factors of q.
3, 5
Let t = -1 - -3. Suppose -4 + 22 = t*p. What are the prime factors of p?
3
Let x(w) = w**3 - w + 5. Let q be x(5). Let y = q - 89. Suppose -y = -l - 2*l. List the prime factors of l.
2, 3
Let m(t) be the first derivative of -t**3/3 + 4*t**2 - 4. List the prime factors of m(6).
2, 3
Let l = -19 + 69. List the prime factors of l.
2, 5
Let p(b) = 10*b**2 - 2*b - 2. Let v be p(-1). Suppose v = 5*y - 75. List the prime factors of y.
17
Let w(j) = 5*j**2 - 4*j - 1. Let x be w(4). Let m = x - 31. List the prime factors of m.
2
Let h(j) = 7*j**2 + 10*j + 1. List the prime factors of h(-4).
73
Let o(z) = z + 20. List the prime factors of o(-14).
2, 3
Let c(j) be the third derivative of j**6/360 - j**5/40 + j**4/8 - j**3/2 + 2*j**2. Let w(y) be the first derivative of c(y). List the prime factors of w(5).
13
Suppose -4*o + 38 = 2*a, 21 = 4*a - 0*a - 3*o. What are the prime factors of a - 2 - (-2)/1?
3
Let v be (-28)/(-8) + 3/6. List the prime factors of 78/v - 4/8.
19
Let j = -11 + 19. Let x = 2 + j. What are the prime factors of x?
2, 5
Let o = -3 + 3. Suppose o = 2*i + l + 4*l + 12, 4*l + 8 = -2*i. Suppose 0*t = -i*t + 12. What are the prime factors of t?
3
Suppose -3 = -l - 5*j, -6*l + 2*j - 54 = -2*l. Let b(f) = f**2 + 13*f + 13. Let d be b(l). List the prime factors of d*-1 + (15 - 0).
2, 7
Suppose 0 = -3*q + 4*r + 160, -3*q = 2*q - 3*r - 252. List the prime factors of q.
2, 3
Let i(b) = 3*b - 2. Let f be ((-2)/(-5))/((-1)/5). Let r be f + 2 + 3 + 1. What are the prime factors of i(r)?
2, 5
Suppose 0 = -2*m + u + 3, -12 = 2*m - m - 5*u. Let d = m + -1. List the prime factors of (8/3)/(d/3).
2
Suppose x + 5*n - 41 + 8 = 0, 5*n = 2*x - 21. Let k be 2/3*x/6. Suppose -4*b = 4*g - 24, -k + 32 = 3*b - g. List the prime factors of b.
3
Suppose 4*d = -5 + 25. Suppose -13 - 77 = -d*p. What are the prime factors of p?
2, 3
Suppose -25*q = -17*q - 2144. List the prime factors of q.
2, 67
Let v = 7 + 5. Suppose n = -5 + v. List the prime factors of n.
7
Let g = -13 - -17. Let x(w) = w - 3. Let n be x(8). Suppose -n*d = -g*d - 11. List the prime factors of d.
11
Let q(g) = -g**2 - 7*g - 7. Let m be q(-5). Let z be (-8)/m*765/10. List the prime factors of 6/(-10) + z/(-15).
13
Let z(k) = 9*k**2 - 2*k - 1. Suppose r + 8 = 4*m, 4*m - 29 = -3*r - 5. Let j be z(m). List the prime factors of (-2)/8 + j/8.
3
Suppose b - 4*b = 21. List the prime factors of 4/(-14)*(b + 0).
2
Suppose 0 = -4*p + 320 - 56. List the prime factors of p.
2, 3, 11
Suppose 191 = 6*t - 1051. List the prime factors of t.
3, 23
Let m be (1/2)/((-3)/(-6)). Let c = m + -2. What are the prime factors of c - (-12 + 2/(-1))?
13
Let u = -5 + 8. Let v be (u/5)/(2/20). Suppose -2*b - 16 = -3*q, 5*b = -q - 0*b - v. List the prime factors of q.
2
Suppose -11 + 45 = c. List the prime factors of c.
2, 17
List the prime factors of (-6)/(-9) - 94/(-3).
2
Suppose -a = -3*c + 3, -8 = -3*c + 7*c. Let l be 3/a - (-7)/3. Suppose 0 = l*w + 4*k, -w + 5*k + 9 = -19. List the prime factors of w.
2
Suppose 8 - 24 = -4*g. Suppose g*o - 27 = o. What are the prime factors of o?
3
Suppose -q = -1 - 10. What are the prime factors of q?
11
Suppose 3*m = -2*k + 2*m + 6, -5*m + 20 = 5*k. Suppose 4*t - k*u = 2*u + 40, -2*u + 35 = 3*t. Let f = -6 + t. List the prime factors of f.
5
Suppose -5 = -4*u - j + 5, -6 = u - 4*j. Let k(i) = -3 + 4*i - u*i - 6. List the prime factors of k(7).
5
Let z = -17 - -21. What are the prime factors of z?
2
Let p be 2/5 + (-6)/15. Suppose y - 2 - 1 = p. What are the prime factors of y?
3
Let c = -4 - -6. Suppose 6*b = 2*t + b - 15, b - 9 = -c*t. List the prime factors of t.
5
Suppose -9*h - 15 = -4*h. List the prime factors of 38 + (11 + h)/4.
2, 5
Let h be (1 - 1) + -5 + 15. Suppose 2*m +